 + 582 = -174. What is the units digit of h?
6
What is the tens digit of 0 + (-17753)/(-2) + ((-24)/16 - -2)?
7
Suppose 1768 + 1982 = -5*k. Let f = k + 1228. What is the hundreds digit of f?
4
Let m(a) = -3*a + 57. Suppose -55*l - 36 = -58*l. What is the tens digit of m(l)?
2
Let k(d) = 3*d - 10. Let h be k(6). Suppose -h*l + 20 = -20. Suppose 0 = 5*s - 3*o + 30 - 108, 4*s - 55 = -l*o. What is the units digit of s?
5
Let m(o) = 9*o**2 - 5*o - 190. What is the units digit of m(-34)?
4
Suppose 8*t - 9*t + 30 = 0. Suppose -498 = 11*n + 822. Let w = t - n. What is the tens digit of w?
5
Let k(l) = -l**2 + 10*l - 186. Let x(t) = 158 + 27 - 2*t - 7*t + t**2. Let f(z) = 3*k(z) + 4*x(z). What is the hundreds digit of f(0)?
1
Suppose 10*v + 26 = -4. What is the hundreds digit of (-9)/v + 4 + 152/1?
1
What is the thousands digit of (-12764*42/(-16))/((-12)/(-16)*2)?
2
What is the tens digit of 22 + 208182/12 - 3/(-2)?
7
Suppose 4*d - 5831 = 16729. What is the thousands digit of d?
5
Suppose 2*z + 3*z - 12 = 2*q, 2*z - 3 = -q. Suppose 5*f = -3*i + 5275, -z*f = -i - 4*i - 2141. What is the hundreds digit of f?
0
Suppose 5*x - 3*t - 89608 = 0, 0 = -x + 32*t - 35*t + 17918. What is the thousands digit of x?
7
Let c(b) = -2*b**2 + 8*b + 6. Let g be c(7). Let k be -4*30/(-16)*40/6. Let s = g + k. What is the units digit of s?
4
Let a(h) = h**2 + h - 30. Let t be a(5). Suppose 5*n - 400 - 335 = t. What is the units digit of n?
7
Let a be (144/30)/((-2)/(-55)). Suppose -a = -3*h + 9*h. Let b = 31 + h. What is the units digit of b?
9
Let r(g) = g**3 - 6*g**2 + 12*g - 24. Let u be r(6). Let s be 16/((4/u)/1). Let k = s - 120. What is the units digit of k?
2
Let t(g) be the first derivative of g**4/4 + 4*g**3 + 19*g**2/2 + 16*g + 7. Suppose 2*h + 32 = -3*u, 15 = -4*u - 2*h - 27. What is the tens digit of t(u)?
2
Let l(q) = 5*q**3 - 34*q**2 - 90*q + 75. What is the ten thousands digit of l(29)?
9
Let b = -1489 - -2873. Suppose 3*z - 4*j = -9*j + b, -1376 = -3*z - j. What is the hundreds digit of z?
4
Let m(l) = -12*l + 78. Let g(s) = -8*s + 52. Let n(z) = 7*g(z) - 5*m(z). Let t be n(11). Suppose -t*d + 15*d + 135 = 0. What is the tens digit of d?
4
Let t(i) = i**2 + 7*i - 16. Let h be t(-9). Let d be h/(-5) - 26/(-65). Suppose 2*z + 4*z - 534 = d. What is the units digit of z?
9
Let h = 307 + -310. What is the tens digit of (2035 + 29)*h/(-9)?
8
Suppose 21*q = 127634 + 122056. What is the ten thousands digit of q?
1
Let f(s) = -25*s**3 - s**2 + 10*s + 8. Let v = -266 + 263. What is the units digit of f(v)?
4
Let u(t) = 3*t**3 - 203*t**2 + 103*t - 231. What is the hundreds digit of u(68)?
3
Let r = 33 + -24. Suppose -3*y - r + 21 = 0. Suppose v = -2*q - 2*q + 92, 0 = -4*v - y*q + 308. What is the tens digit of v?
7
Let v(x) be the first derivative of -148*x**2 - 24*x - 202. What is the units digit of v(-1)?
2
Let b be 2/((2 + -9)/(-7)). Suppose -2 = b*w, 5*m - 4*w - 508 - 2946 = 0. What is the tens digit of m?
9
Suppose -4*h + 98 = -3*h. Let j = h - -4. Suppose 10*k - 1538 = j. What is the hundreds digit of k?
1
Let d be -10*(-291)/1 + (0 - -1). Let l = -1471 + d. What is the tens digit of l?
4
Let q(f) = 27*f**2 - 100*f - 130. What is the thousands digit of q(17)?
5
Let h be 1/(2745/(-685) - -4). Let b = h - -212. Suppose 2*y = -4*k + 300, -k + 0*k = 5*y - b. What is the units digit of k?
5
Let k = 123 - -612. Suppose 0 = -m + 5*o + 354, 21*m - 23*m + k = -o. What is the hundreds digit of m?
3
Let n(g) = -2623*g + 1489. What is the tens digit of n(-3)?
5
What is the ten thousands digit of 6/21 + 7577757/693?
1
Let p(s) = 304*s**2 + 32*s + 4. What is the units digit of p(4)?
6
Suppose 19 = 3*l - 2. Suppose -l - 28 = -5*o. Suppose o*c = 6*c + 63. What is the units digit of c?
3
Let h be 2/4 + 70/20. Let i be 6/h*(7 - 1). Suppose -85 + i = -o. What is the tens digit of o?
7
Suppose -35*y = -30*y. Suppose 2*r - 19 + 79 = y. What is the tens digit of (24/5)/((-61)/r + -2)?
4
Suppose 0 = -4*n - 8 + 24. Suppose n*i = -7 + 23. Suppose -i*z + 5*h + 18 = 0, 8 = 7*h - 3*h. What is the units digit of z?
7
Let o(z) = 61*z + 61. Let t be o(12). Let f = t - -7. What is the hundreds digit of f?
8
Let h(r) = 4*r - 3. Let b(k) = 5*k - 2. Let a(u) = -3*b(u) + 4*h(u). Let w be a(0). What is the units digit of w/(-2) - 24/(-6)?
7
Let d = 132 - 77. What is the hundreds digit of (-4)/(-10) + 19393/d?
3
Let h be (-319770)/(-85) - (-6)/(4/2). Suppose -4*v + h = 3*r - 8*v, -r + 1255 = -2*v. What is the thousands digit of r?
1
Let l(w) = 2*w**3 + 2*w**2 - 3*w + 2. Let c be l(1). Suppose 4*n - c*d = -54, 5*n + 9*d = 4*d - 50. Let s = 24 - n. What is the units digit of s?
6
Suppose -24 = -3*l - 5*i + 3*i, 6 = -l + 4*i. Suppose -14 = 2*h + 4*d + 2, -2*h = 2*d + 6. Suppose -h*p - 232 = -l*p. What is the units digit of p?
8
Let u = 853 - -3961. What is the units digit of u?
4
Let t(g) = 155*g**2 - 20*g - 97. What is the hundreds digit of t(20)?
5
Suppose 2*m = 6, h - 8115 = -4*m + 14228. What is the units digit of h?
1
Let m = 51887 + -9357. What is the tens digit of m?
3
Let c = -10472 - -32358. What is the tens digit of c?
8
Let q be (-6)/4 + (-28)/(-8) + -4. What is the units digit of (q - (-26)/(-8))/((-2)/152)?
9
Let a = 38176 + -22729. What is the ten thousands digit of a?
1
Suppose -7 = -4*i + 1, 4*s = i + 14. Suppose -s*u - 4*m + 1664 = 0, -1129 = -3*u + m + 115. What is the units digit of u?
5
Let t be (-2)/(-13) - ((-24486)/39 + 2). Suppose t = f - 2*o, -o = f - 2*f + 621. What is the tens digit of f?
1
Let y be ((-2)/3)/(1 + (-796)/804). Let d = y - -153. Let q = d - -178. What is the tens digit of q?
6
Suppose -450 = -3*g + 4059. Suppose -r = -z - 341, 3*r + 5*z - g = -472. What is the hundreds digit of r?
3
Suppose -2*y = -k + 19484, -2*y = 130*k - 133*k + 58452. What is the units digit of k?
4
Let j(h) = -470*h. Suppose -13*x + 15 = -18*x. Let k be j(x). Suppose y - 7*y = -k. What is the hundreds digit of y?
2
Let r be 452/12 + 3/9. Let s = 62 - r. Suppose -52 = 23*h - s*h. What is the units digit of h?
2
Suppose 36 - 1 = 7*y. Let z = 16 + 500. Suppose y*r + 2*l - 312 = 2*r, -5*r + z = 2*l. What is the tens digit of r?
0
Let o(p) = p - 15. Let g be o(8). Let u = 14 + g. Let h = 8 - u. What is the units digit of h?
1
Suppose 0 = -4*j - 3*h + 160911, 5*h - 120696 = -3*j + 7*h. What is the tens digit of j?
3
Suppose 7*h - 6 = 8. Suppose 0*y - 92 = 3*o - h*y, -y - 52 = 2*o. What is the units digit of ((-227)/7 - 1)/(6/o)?
6
Suppose -q = 5, -3*o - q = -0*o + 38. Let v be (0 - -160) + o + 12. Suppose -3*h + 4*z + v = 0, z + 4 = -1. What is the units digit of h?
7
Suppose 2*x + 50 = 4*f, -4*x + 0*x = -4*f + 56. Suppose -f*j = -17*j + 6408. What is the tens digit of j?
6
Let v = 230 - 197. Suppose -3899 = -40*x + v*x. What is the hundreds digit of x?
5
Let x = 11068 + -1573. What is the hundreds digit of x?
4
Let k = 2045 + 22689. What is the hundreds digit of k?
7
Let z = 69185 - 23624. What is the tens digit of z?
6
Let u(r) = r**3 + 23*r**2 - 12*r + 68. Let w be u(-23). Suppose 340*a + 1668 = w*a. What is the hundreds digit of a?
4
Suppose -7*q + 23 + 33 = 0. What is the tens digit of -12*(-1 + -4 + q - 4)?
1
Suppose 24*i - 57 = 5*i. Suppose i*s - x - 1810 = 0, s - x - 130 = 474. What is the hundreds digit of s?
6
Let i(h) = h**2 - 10*h + 15. Suppose -152 = -p - 92. Suppose -61*t + p = -57*t. What is the tens digit of i(t)?
9
Suppose 12 = u - 14*f + 12*f, -2*u = -2*f - 14. Suppose -11*m = -13*m + u*z + 538, -2*z - 10 = 0. What is the hundreds digit of m?
2
Let p = 266 + -260. What is the hundreds digit of p/(-14) + (-80442)/(-126)?
6
Suppose 2035 = -5*l - 3*x, -3*l + 2*x = 4*x + 1221. Let h = l + 888. What is the hundreds digit of h?
4
Let d(l) = -19*l + 20. Let s be d(2). Let f = s - -1. Let v(x) = -7*x - 48. What is the tens digit of v(f)?
7
Let v(s) be the third derivative of -5*s**6/6 + s**5/60 - s**4/6 - 2*s**3/3 - 27*s**2. What is the hundreds digit of v(-1)?
1
Suppose -17*f - 99 = -8*f. Let j be (-1722)/(-451) - -2*(-1)/f. Suppose j*i - 316 = -0*i. What is the tens digit of i?
7
Let s = -82 + 92. Suppose 4*w = n + 19, 0 = 4*w - s - 10. What is the tens digit of n/(78/12) - (-1090)/13?
8
Let n be (4/4)/((-1)/(-1)). Suppose n - 6 = 5*g, -3*q = g - 8. Suppose -3*v = -y + 24, 2*v